{"id":578,"date":"2018-01-09T18:30:17","date_gmt":"2018-01-09T18:30:17","guid":{"rendered":"http:\/\/institutogandhi.com.mx\/web\/?page_id=578"},"modified":"2021-03-04T21:55:56","modified_gmt":"2021-03-04T21:55:56","slug":"preescolar-2","status":"publish","type":"page","link":"https:\/\/institutogandhi.com.mx\/web\/preescolar-2\/","title":{"rendered":"PREESCOLAR"},"content":{"rendered":"<p>[vc_row css_animation=&#8221;&#8221; row_type=&#8221;row&#8221; use_row_as_full_screen_section=&#8221;no&#8221; type=&#8221;grid&#8221; angled_section=&#8221;no&#8221; text_align=&#8221;center&#8221; background_image_as_pattern=&#8221;without_pattern&#8221; css=&#8221;.vc_custom_1478251344726{background-color: #f6f6f6 !important;}&#8221;][vc_column][vc_single_image image=&#8221;588&#8243; img_size=&#8221;full&#8221; alignment=&#8221;center&#8221; qode_css_animation=&#8221;&#8221;][vc_empty_space height=&#8221;58px&#8221;][\/vc_column][\/vc_row][vc_row css_animation=&#8221;&#8221; row_type=&#8221;row&#8221; use_row_as_full_screen_section=&#8221;no&#8221; type=&#8221;grid&#8221; angled_section=&#8221;no&#8221; text_align=&#8221;left&#8221; background_image_as_pattern=&#8221;without_pattern&#8221;][vc_column width=&#8221;1\/4&#8243;][vc_single_image image=&#8221;583&#8243; img_size=&#8221;full&#8221; onclick=&#8221;custom_link&#8221; img_link_target=&#8221;_blank&#8221; qode_css_animation=&#8221;&#8221; link=&#8221; http:\/\/institutogandhi.com.mx\/web\/preescolar-2\/materias\/&#8221;][vc_empty_space height=&#8221;34px&#8221;][vc_column_text]<\/p>\n<h2>Materias<\/h2>\n<p>[\/vc_column_text][vc_empty_space height=&#8221;21px&#8221;][vc_column_text]Conoce las materias que llevar\u00e1n tus hijos durante el ciclo escolar vigente, y revisa las materias que cursaran a lo largo de su estancia en el Preescolar.[\/vc_column_text][vc_empty_space height=&#8221;19px&#8221;]<a  itemprop=\"url\" href=\" http:\/\/institutogandhi.com.mx\/web\/preescolar-2\/materias\/\" target=\"_blank\" data-hover-background-color='rgba(255,255,255,0.01)' data-hover-color='#3b3b3b' class=\"qbutton  small left default\" style=\"color: #b10025; background-color: rgba(255,255,255,0.01);\">Leer M\u00e1s<span aria-hidden=\"true\" class=\"qode_icon_font_elegant arrow_carrot-right_alt2 qode_button_icon_element\" style=\"color: #b10025;\" ><\/span><\/a>[vc_empty_space height=&#8221;52px&#8221;][\/vc_column][vc_column width=&#8221;1\/4&#8243;][vc_single_image image=&#8221;596&#8243; img_size=&#8221;full&#8221; onclick=&#8221;custom_link&#8221; img_link_target=&#8221;_blank&#8221; qode_css_animation=&#8221;&#8221; link=&#8221;http:\/\/institutogandhi.com.mx\/web\/wp-content\/uploads\/2021\/03\/CALENDARIO-GANDHI-PREESCOLAR-2020-2021-WEB.jpg&#8221;][vc_empty_space height=&#8221;34px&#8221;][vc_column_text]<\/p>\n<h2>Calendario de Actividades<\/h2>\n<p>[\/vc_column_text][vc_empty_space height=&#8221;21px&#8221;][vc_column_text]Descarga el calendario de actividades del ciclo escolar, encontraras fechas de entrega de calificaciones, ex\u00e1menes, misas, vacaciones y mucho m\u00e1s.[\/vc_column_text][vc_empty_space height=&#8221;19px&#8221;]<a  itemprop=\"url\" href=\"http:\/\/institutogandhi.com.mx\/web\/wp-content\/uploads\/2021\/03\/CALENDARIO-GANDHI-PREESCOLAR-2020-2021-WEB.jpg\" target=\"_blank\" data-hover-background-color='rgba(255,255,255,0.01)' data-hover-color='#3b3b3b' class=\"qbutton  small left default\" style=\"color: #b10025; background-color: rgba(255,255,255,0.01);\">Leer M\u00e1s<span aria-hidden=\"true\" class=\"qode_icon_font_elegant arrow_carrot-right_alt2 qode_button_icon_element\" style=\"color: #b10025;\" ><\/span><\/a>[vc_empty_space height=&#8221;52px&#8221;][\/vc_column][vc_column width=&#8221;1\/4&#8243;][vc_single_image image=&#8221;597&#8243; img_size=&#8221;full&#8221; onclick=&#8221;custom_link&#8221; img_link_target=&#8221;_blank&#8221; qode_css_animation=&#8221;&#8221; link=&#8221;https:\/\/fotoalbuminstitutogandhi.wordpress.com\/&#8221;][vc_empty_space height=&#8221;34px&#8221;][vc_column_text]<\/p>\n<h2>Galer\u00eda de Fotos<\/h2>\n<p>[\/vc_column_text][vc_empty_space height=&#8221;21px&#8221;][vc_column_text]Descubre en nuestro Blog de noticias las fotos y videos de las diferentes actividades que realizamos en el Instituto, suscr\u00edbete para que no te pierdas ning\u00fan evento.[\/vc_column_text][vc_empty_space height=&#8221;19px&#8221;]<a  itemprop=\"url\" href=\"https:\/\/fotoalbuminstitutogandhi.wordpress.com\/\" target=\"_blank\" data-hover-background-color='rgba(255,255,255,0.01)' data-hover-color='#3b3b3b' class=\"qbutton  small left default\" style=\"color: #b10025; background-color: rgba(255,255,255,0.01);\">Leer M\u00e1s<span aria-hidden=\"true\" class=\"qode_icon_font_elegant arrow_carrot-right_alt2 qode_button_icon_element\" style=\"color: #b10025;\" ><\/span><\/a>[vc_empty_space height=&#8221;52px&#8221;][\/vc_column][vc_column width=&#8221;1\/4&#8243;][vc_single_image image=&#8221;598&#8243; img_size=&#8221;full&#8221; onclick=&#8221;custom_link&#8221; qode_css_animation=&#8221;&#8221; link=&#8221;http:\/\/institutogandhi.com.mx\/web\/preescolar-2\/horario-de-clases-y-uniformes\/&#8221;][vc_empty_space height=&#8221;34px&#8221;][vc_column_text]<\/p>\n<h2>Horario y Uniformes<\/h2>\n<p>[\/vc_column_text][vc_empty_space height=&#8221;21px&#8221;][vc_column_text]Visualiza el horario de clases que tendr\u00e1 tu hijo, y ve la lista del uniforme de diario y uniforme de deportes. Si tienes alguna duda m\u00e1ndanos un mail, en el \u00e1rea de contacto.[\/vc_column_text][vc_empty_space height=&#8221;19px&#8221;]<a  itemprop=\"url\" href=\"http:\/\/institutogandhi.com.mx\/web\/preescolar-2\/horario-de-clases-y-uniformes\/\" target=\"_self\" data-hover-background-color='rgba(255,255,255,0.01)' data-hover-color='#3b3b3b' class=\"qbutton  small left default\" style=\"color: #b10025; background-color: rgba(255,255,255,0.01);\">Leer M\u00e1s<span aria-hidden=\"true\" class=\"qode_icon_font_elegant arrow_carrot-right_alt2 qode_button_icon_element\" style=\"color: #b10025;\" ><\/span><\/a>[vc_empty_space height=&#8221;52px&#8221;][\/vc_column][\/vc_row][vc_row css_animation=&#8221;&#8221; row_type=&#8221;row&#8221; use_row_as_full_screen_section=&#8221;no&#8221; type=&#8221;grid&#8221; angled_section=&#8221;no&#8221; text_align=&#8221;left&#8221; background_image_as_pattern=&#8221;without_pattern&#8221;][vc_column width=&#8221;1\/4&#8243;][vc_single_image image=&#8221;599&#8243; img_size=&#8221;full&#8221; onclick=&#8221;custom_link&#8221; img_link_target=&#8221;_blank&#8221; qode_css_animation=&#8221;&#8221; link=&#8221;http:\/\/institutogandhi.com.mx\/web\/preescolar-2\/clases-y-actividades-extracurriculares-2\/&#8221;][vc_empty_space height=&#8221;34px&#8221;][vc_column_text]<\/p>\n<h2>Clases y Actividades Extracurriculares<\/h2>\n<p>[\/vc_column_text][vc_empty_space height=&#8221;21px&#8221;][vc_column_text]Durante sus actividades en el Preescolar los alumnos realizan diferentes actividades y visitan lugares l\u00fadicos que les ayuda a comprender y reforzar lo aprendido en clase.[\/vc_column_text][vc_empty_space height=&#8221;19px&#8221;]<a  itemprop=\"url\" href=\"http:\/\/institutogandhi.com.mx\/web\/preescolar-2\/clases-y-actividades-extracurriculares-2\/\" target=\"_blank\" data-hover-background-color='rgba(255,255,255,0.01)' data-hover-color='#3b3b3b' class=\"qbutton  small left default\" style=\"color: #b10025; background-color: rgba(255,255,255,0.01);\">Leer M\u00e1s<span aria-hidden=\"true\" class=\"qode_icon_font_elegant arrow_carrot-right_alt2 qode_button_icon_element\" style=\"color: #b10025;\" ><\/span><\/a>[vc_empty_space height=&#8221;52px&#8221;][\/vc_column][vc_column width=&#8221;1\/4&#8243;][vc_single_image image=&#8221;600&#8243; img_size=&#8221;full&#8221; onclick=&#8221;custom_link&#8221; img_link_target=&#8221;_blank&#8221; qode_css_animation=&#8221;&#8221; link=&#8221;http:\/\/institutogandhi.com.mx\/web\/preescolar-2\/talleres-vespertinos\/&#8221;][vc_empty_space height=&#8221;34px&#8221;][vc_column_text]<\/p>\n<h2>Talleres Vespertinos<\/h2>\n<p>[\/vc_column_text][vc_empty_space height=&#8221;21px&#8221;][vc_column_text]Despu\u00e9s del horario de clase los alumnos tienen opci\u00f3n a elegir alguno de los talleres vespertinos en horario de 1:15 a 2:15 p.m. Da un vistazo a la lista de talleres.[\/vc_column_text][vc_empty_space height=&#8221;19px&#8221;]<a  itemprop=\"url\" href=\"http:\/\/institutogandhi.com.mx\/web\/preescolar-2\/talleres-vespertinos\/\" target=\"_blank\" data-hover-background-color='rgba(255,255,255,0.01)' data-hover-color='#3b3b3b' class=\"qbutton  small left default\" style=\"color: #b10025; background-color: rgba(255,255,255,0.01);\">Leer M\u00e1s<span aria-hidden=\"true\" class=\"qode_icon_font_elegant arrow_carrot-right_alt2 qode_button_icon_element\" style=\"color: #b10025;\" ><\/span><\/a>[vc_empty_space height=&#8221;52px&#8221;][\/vc_column][vc_column width=&#8221;1\/4&#8243;][vc_single_image image=&#8221;601&#8243; img_size=&#8221;full&#8221; onclick=&#8221;custom_link&#8221; img_link_target=&#8221;_blank&#8221; qode_css_animation=&#8221;&#8221; link=&#8221;http:\/\/institutogandhi.com.mx\/web\/preescolar-2\/departamentos-a-sus-servicios\/&#8221;][vc_empty_space height=&#8221;34px&#8221;][vc_column_text]<\/p>\n<h2>Departamentos a su Servicio<\/h2>\n<p>[\/vc_column_text][vc_empty_space height=&#8221;21px&#8221;][vc_column_text]Aprovecha los departamentos que el Instituto tiene a su servicio, para que en conjunto (Padres de Familia y Escuela) ayudemos al desarrollo y formaci\u00f3n de sus hijos.[\/vc_column_text][vc_empty_space height=&#8221;19px&#8221;]<a  itemprop=\"url\" href=\"http:\/\/institutogandhi.com.mx\/web\/preescolar-2\/departamentos-a-sus-servicios\/\" target=\"_blank\" data-hover-background-color='rgba(255,255,255,0.01)' data-hover-color='#3b3b3b' class=\"qbutton  small left default\" style=\"color: #b10025; background-color: rgba(255,255,255,0.01);\">Leer M\u00e1s<span aria-hidden=\"true\" class=\"qode_icon_font_elegant arrow_carrot-right_alt2 qode_button_icon_element\" style=\"color: #b10025;\" ><\/span><\/a>[vc_empty_space height=&#8221;52px&#8221;][\/vc_column][vc_column width=&#8221;1\/4&#8243;][vc_single_image image=&#8221;678&#8243; img_size=&#8221;full&#8221; onclick=&#8221;custom_link&#8221; img_link_target=&#8221;_blank&#8221; qode_css_animation=&#8221;&#8221; link=&#8221;http:\/\/institutogandhi.com.mx\/web\/programas-institucionales\/&#8221;][vc_empty_space height=&#8221;34px&#8221;][vc_column_text]<\/p>\n<h2>Programas Institucionales<\/h2>\n<p>[\/vc_column_text][vc_empty_space height=&#8221;21px&#8221;][vc_column_text]Da un vistazo a los programas Institucionales que cursaran los alumnos a lo largo de su estancia escolar, desde Preescolar hasta la Preparatoria.[\/vc_column_text][vc_empty_space height=&#8221;19px&#8221;]<a  itemprop=\"url\" href=\"http:\/\/institutogandhi.com.mx\/web\/programas-institucionales\/\" target=\"_blank\" data-hover-background-color='rgba(255,255,255,0.01)' data-hover-color='#3b3b3b' class=\"qbutton  small left default\" style=\"color: #b10025; background-color: rgba(255,255,255,0.01);\">Leer M\u00e1s<span aria-hidden=\"true\" class=\"qode_icon_font_elegant arrow_carrot-right_alt2 qode_button_icon_element\" style=\"color: #b10025;\" ><\/span><\/a>[vc_empty_space height=&#8221;52px&#8221;][\/vc_column][\/vc_row][vc_row css_animation=&#8221;&#8221; row_type=&#8221;row&#8221; use_row_as_full_screen_section=&#8221;no&#8221; type=&#8221;full_width&#8221; angled_section=&#8221;no&#8221; text_align=&#8221;center&#8221; background_image_as_pattern=&#8221;without_pattern&#8221; css=&#8221;.vc_custom_1492000470041{padding-top: 42px !important;background-color: #ffffff !important;}&#8221;][vc_column][vc_column_text]<\/p>\n<h5>Conoce Nuestras Instalaciones<\/h5>\n<p>[\/vc_column_text][vc_empty_space height=&#8221;45px&#8221;][vc_gallery type=&#8221;image_grid&#8221; images=&#8221;521,518,384,383,380,381&#8243; img_size=&#8221;600&#215;401&#8243; column_number=&#8221;6&#8243; grayscale=&#8221;no&#8221; images_space=&#8221;gallery_without_space&#8221;][\/vc_column][\/vc_row]<\/p>\n","protected":false},"excerpt":{"rendered":"<p>[vc_row css_animation=&#8221;&#8221; row_type=&#8221;row&#8221; use_row_as_full_screen_section=&#8221;no&#8221; type=&#8221;grid&#8221; angled_section=&#8221;no&#8221; text_align=&#8221;center&#8221; background_image_as_pattern=&#8221;without_pattern&#8221; css=&#8221;.vc_custom_1478251344726{background-color: #f6f6f6 !important;}&#8221;][vc_column][vc_single_image image=&#8221;588&#8243; img_size=&#8221;full&#8221; alignment=&#8221;center&#8221; qode_css_animation=&#8221;&#8221;][vc_empty_space height=&#8221;58px&#8221;][\/vc_column][\/vc_row][vc_row css_animation=&#8221;&#8221; row_type=&#8221;row&#8221; use_row_as_full_screen_section=&#8221;no&#8221; type=&#8221;grid&#8221; angled_section=&#8221;no&#8221; text_align=&#8221;left&#8221; background_image_as_pattern=&#8221;without_pattern&#8221;][vc_column width=&#8221;1\/4&#8243;][vc_single_image image=&#8221;583&#8243; img_size=&#8221;full&#8221; onclick=&#8221;custom_link&#8221; img_link_target=&#8221;_blank&#8221; qode_css_animation=&#8221;&#8221; link=&#8221; http:\/\/institutogandhi.com.mx\/web\/preescolar-2\/materias\/&#8221;][vc_empty_space height=&#8221;34px&#8221;][vc_column_text] Materias [\/vc_column_text][vc_empty_space height=&#8221;21px&#8221;][vc_column_text]Conoce las materias que llevar\u00e1n tus hijos durante el ciclo escolar&#8230;<\/p>\n","protected":false},"author":1,"featured_media":0,"parent":0,"menu_order":0,"comment_status":"closed","ping_status":"closed","template":"full_width.php","meta":{"footnotes":""},"class_list":["post-578","page","type-page","status-publish","hentry"],"_links":{"self":[{"href":"https:\/\/institutogandhi.com.mx\/web\/wp-json\/wp\/v2\/pages\/578","targetHints":{"allow":["GET"]}}],"collection":[{"href":"https:\/\/institutogandhi.com.mx\/web\/wp-json\/wp\/v2\/pages"}],"about":[{"href":"https:\/\/institutogandhi.com.mx\/web\/wp-json\/wp\/v2\/types\/page"}],"author":[{"embeddable":true,"href":"https:\/\/institutogandhi.com.mx\/web\/wp-json\/wp\/v2\/users\/1"}],"replies":[{"embeddable":true,"href":"https:\/\/institutogandhi.com.mx\/web\/wp-json\/wp\/v2\/comments?post=578"}],"version-history":[{"count":37,"href":"https:\/\/institutogandhi.com.mx\/web\/wp-json\/wp\/v2\/pages\/578\/revisions"}],"predecessor-version":[{"id":2209,"href":"https:\/\/institutogandhi.com.mx\/web\/wp-json\/wp\/v2\/pages\/578\/revisions\/2209"}],"wp:attachment":[{"href":"https:\/\/institutogandhi.com.mx\/web\/wp-json\/wp\/v2\/media?parent=578"}],"curies":[{"name":"wp","href":"https:\/\/api.w.org\/{rel}","templated":true}]}}